{"id":382,"date":"2021-05-04T11:16:18","date_gmt":"2021-05-04T09:16:18","guid":{"rendered":"https:\/\/styria-wien.at\/?page_id=382"},"modified":"2026-03-01T09:00:02","modified_gmt":"2026-03-01T07:00:02","slug":"impressum","status":"publish","type":"page","link":"https:\/\/styria-wien.at\/?page_id=382","title":{"rendered":"Impressum"},"content":{"rendered":"\n<div class=\"wp-block-blockspare-blockspare-container alignfull blockspare-4485afbe-92b6-4\"><style>.blockspare-4485afbe-92b6-4 .blockspare-block-container-wrapper{background-color:#f9f9f9;padding-top:20px;padding-right:10px;padding-bottom:20px;padding-left:10px;margin-top:30px;margin-right:0px;margin-bottom:30px;margin-left:0px;border-radius:null}.blockspare-4485afbe-92b6-4 .blockspare-image-wrap{background-image:}<\/style><div class=\"blockspare-block-container-wrapper\"><div class=\"blockspare-container-background blockspare-image-wrap has-background-opacity-100 has-background-opacity\"><\/div><div class=\"blockspare-container\"><div class=\"blockspare-inner-blocks blockspare-inner-wrapper-blocks\">\n<h4><strong>Herausgeber und f\u00fcr den Inhalt dieser Website verantwortlich:<\/strong><\/h4>\n\n\n\n<div class=\"wp-block-blockspare-blockspare-notice-bar blockspare-fcbbb45b-1932-4 blockspare-notice-block aligncenter\"><style>.blockspare-fcbbb45b-1932-4 .blockspare-noticebar-wrapper{background-color:#f9f9f9;border-color:#ee1c25;text-align:left;padding-top:10px;padding-right:20px;padding-bottom:10px;padding-left:20px;margin-top:30px;margin-bottom:30px}.blockspare-fcbbb45b-1932-4 .blockspare-section-notice-wrap{text-align:left}.blockspare-fcbbb45b-1932-4 .blockspare-notice-content{color:#4c4c4c;font-size:18px!important;font-weight:500}@media screen and (max-width:1025px){.blockspare-fcbbb45b-1932-4 .blockspare-notice-content{font-size:16px!important}}@media screen and (max-width:768px){.blockspare-fcbbb45b-1932-4 .blockspare-notice-content{font-size:14px!important}}<\/style><div class=\"blockspare-noticebar-wrapper blockspare-blocks\"><div class=\"blockspare-section-notice-wrap\"><div class=\"blockspare-title-wrap\"><div><div class=\"blockspare-notice-content\">ESV Styria Wiener Prater<br>Obmann: Ing. Heinz Konrad Hummel<br>Soldanellenweg 4\/24\/3<br>1220 Wien<br>Tel: <a href=\"&#116;&#x65;l&#058;&#x2b;4&#051;&#x36;9&#057;&#x31;1&#048;&#x39;&#048;&#x38;&#x36;&#048;\">&#x2b;&#x34;&#51;&#32;(&#x30;&#x29;&#x36;&#57;&#57;\/&#x31;&#x31;&#x30;&#57;&#48;8&#x36;&#x30;<\/a><br>E-Mail: <a href=\"&#x6d;&#097;i&#x6c;&#116;&#111;&#x3a;&#x68;&#101;i&#x6e;&#122;&#046;&#x68;&#x75;&#109;m&#x65;&#108;&#064;&#x6b;&#x6f;&#108;a&#x72;&#105;k&#x2e;&#x61;&#116;\">&#104;&#x65;i&#x6e;z&#46;&#x68;&#117;&#x6d;m&#101;&#x6c;&#64;&#x6b;o&#x6c;&#x61;&#114;&#x69;k&#x2e;a&#116;<\/a><\/div><\/div><\/div><\/div><\/div><\/div>\n\n\n\n<h4><strong><strong>Design, Gestaltung und Umsetzung:<\/strong><\/strong><\/h4>\n\n\n\n<div class=\"wp-block-blockspare-blockspare-notice-bar blockspare-af087703-08ab-4 blockspare-notice-block aligncenter\"><style>.blockspare-af087703-08ab-4 .blockspare-noticebar-wrapper{background-color:#f9f9f9;border-color:#ee1c25;text-align:left;padding-top:10px;padding-right:20px;padding-bottom:10px;padding-left:20px;margin-top:30px;margin-bottom:30px}.blockspare-af087703-08ab-4 .blockspare-section-notice-wrap{text-align:left}.blockspare-af087703-08ab-4 .blockspare-notice-content{color:#4c4c4c;font-size:18px!important;font-weight:500}@media screen and (max-width:1025px){.blockspare-af087703-08ab-4 .blockspare-notice-content{font-size:16px!important}}@media screen and (max-width:768px){.blockspare-af087703-08ab-4 .blockspare-notice-content{font-size:14px!important}}<\/style><div class=\"blockspare-noticebar-wrapper blockspare-blocks\"><div class=\"blockspare-section-notice-wrap\"><div class=\"blockspare-title-wrap\"><div><div class=\"blockspare-notice-content\"><strong>ISO-Data e.U.<\/strong>, Inh. Gerald Szekf\u00fc<br>Hauptstra\u00dfe 50 \/ Top 2<br>2485 Wimpassing\/Leitha, Burgenland<br>Tel: <a href=\"t&#101;&#108;&#x3a;&#x2b;&#x34;&#x33;6&#054;&#052;&#049;&#x33;&#x39;&#x32;29&#051;\">&#x2b;&#52;3&#x20;&#54;6&#x34;&#32;1&#x33;&#57;2&#x32;&#57;3<\/a><br>Email: <a href=\"&#109;&#x61;&#x69;l&#116;&#x6f;:&#111;&#x66;&#x66;&#105;&#x63;&#x65;&#064;&#105;&#x73;o&#045;&#x64;&#x61;&#116;&#x61;&#x2e;a&#116;\">&#111;&#x66;&#102;&#x69;&#99;&#x65;&#64;&#x69;s&#x6f;-&#x64;a&#x74;a&#46;&#x61;&#116;<\/a><br>Web:\u00a0<a rel=\"noreferrer noopener\" href=\"http:\/\/www.iso-data.at\/\" target=\"_blank\">www.iso-data.at<\/a><\/div><\/div><\/div><\/div><\/div><\/div>\n\n\n\n<p><strong>Copyright:<\/strong><\/p>\n\n\n\n<p>Alle Daten dieser Website sind urheberrechtlich gesch\u00fctzt. Jede Bearbeitung, Vervielf\u00e4ltigung, Verbreitung und\/oder \u00f6ffentliche Wiedergabe unabh\u00e4ngig vom verwendetem Medium stellt einen Urheberrechtsverstoss dar. F\u00fcr Freigaben wenden Sie sich bitte an <a href=\"ma&#105;&#108;&#116;&#x6f;&#x3a;&#x69;&#x6e;&#x66;o&#064;&#115;&#116;&#121;&#x72;&#x69;&#x61;&#x2d;&#x77;ie&#110;&#046;&#097;&#x74;\">&#x69;&#110;&#102;&#x6f;&#x40;&#115;&#116;&#x79;&#x72;&#105;&#97;&#x2d;&#x77;&#105;&#101;&#x6e;&#x2e;&#97;&#116;<\/a>.<\/p>\n\n\n\n<p><strong>Haftungsausschluss:<\/strong><\/p>\n\n\n\n<p>Trotz sorgf\u00e4ltiger inhaltlicher Kontrolle \u00fcbernehmen wir keine Haftung f\u00fcr die Inhalte externer Links. F\u00fcr den Inhalt der verlinkten Seiten sind ausschlie\u00dflich deren Betreiber verantwortlich.<\/p>\n\n\n\n<p><strong>Fotos<\/strong>:<\/p>\n\n\n\n<p>ESV Styria Wiener Prater<\/p>\n\n\n\n<div style=\"height:15px\" aria-hidden=\"true\" class=\"wp-block-spacer\"><\/div>\n<\/div><\/div><\/div><\/div>\n\n\n\n<div class=\"wp-block-blockspare-shape-divider alignfull blockspare-431cb098-0b94-4\"><style>.blockspare-431cb098-0b94-4 .blockspare-svg-wrapper{color:#ee1c25;height:35px;padding-top:0px;padding-right:0px;padding-bottom:0px;padding-left:0px;margin-top:-30px;margin-right:0px;margin-bottom:30px;margin-left:0px}<\/style><div class=\"blockspare-blocks blockspare-svg-wrapper is-vertically-flipped is-horizontally-flipped has-width-1\"><div class=\"blockspare-svg-svg-inner blockspare-separator-wrapper\"><svg class=\"double-wave\" preserveAspectRatio=\"none\" aria-hidden=\"true\" xmlns=\"http:\/\/www.w3.org\/2000\/svg\" viewBox=\"0 0 1946 175\"><path class=\"st0\" d=\"M-.5 27.7v146.8h1946V10.7s-170.6 20.4-265 57.2c0 0-374.1 116.7-794.2 24.7 0 0-414.1-100.9-673.1-92-.1 0-102.9 5.2-213.7 27.1z\"><\/path><path class=\"st1\" d=\"M1945.5 69.9s-425.5-100-888 20.5c0 0-342.6 63.3-611.4 43.8 0 0-224.9-40.3-446.6-84.4V174h1946V69.9z\"><\/path><path d=\"M-.5 88s425.5-100 888 20.5c0 0 342.6 63.3 611.4 43.8 0 0 224.9-20.2 446.6-64.3v87H-.5V88z\"><\/path><\/svg><\/div><\/div><\/div>\n","protected":false},"excerpt":{"rendered":"","protected":false},"author":1,"featured_media":0,"parent":0,"menu_order":0,"comment_status":"closed","ping_status":"closed","template":"","meta":[],"yoast_head":"<!-- This site is optimized with the Yoast SEO plugin v19.5.1 - https:\/\/yoast.com\/wordpress\/plugins\/seo\/ -->\r\n<title>Impressum - ESV Styria Wiener Prater<\/title>\r\n<meta name=\"robots\" content=\"index, follow, max-snippet:-1, max-image-preview:large, max-video-preview:-1\" \/>\r\n<link rel=\"canonical\" href=\"https:\/\/styria-wien.at\/?page_id=382\" \/>\r\n<meta property=\"og:locale\" content=\"de_DE\" \/>\r\n<meta property=\"og:type\" content=\"article\" \/>\r\n<meta property=\"og:title\" content=\"Impressum - ESV Styria Wiener Prater\" \/>\r\n<meta property=\"og:url\" content=\"https:\/\/styria-wien.at\/?page_id=382\" \/>\r\n<meta property=\"og:site_name\" content=\"ESV Styria Wiener Prater\" \/>\r\n<meta property=\"article:modified_time\" content=\"2026-03-01T07:00:02+00:00\" \/>\r\n<meta name=\"twitter:card\" content=\"summary_large_image\" \/>\r\n<meta name=\"twitter:label1\" content=\"Gesch\u00e4tzte Lesezeit\" \/>\n\t<meta name=\"twitter:data1\" content=\"1 Minute\" \/>\r\n<script type=\"application\/ld+json\" class=\"yoast-schema-graph\">{\"@context\":\"https:\/\/schema.org\",\"@graph\":[{\"@type\":\"WebPage\",\"@id\":\"https:\/\/styria-wien.at\/?page_id=382\",\"url\":\"https:\/\/styria-wien.at\/?page_id=382\",\"name\":\"Impressum - ESV Styria Wiener Prater\",\"isPartOf\":{\"@id\":\"https:\/\/styria-wien.at\/#website\"},\"datePublished\":\"2021-05-04T09:16:18+00:00\",\"dateModified\":\"2026-03-01T07:00:02+00:00\",\"breadcrumb\":{\"@id\":\"https:\/\/styria-wien.at\/?page_id=382#breadcrumb\"},\"inLanguage\":\"de-AT\",\"potentialAction\":[{\"@type\":\"ReadAction\",\"target\":[\"https:\/\/styria-wien.at\/?page_id=382\"]}]},{\"@type\":\"BreadcrumbList\",\"@id\":\"https:\/\/styria-wien.at\/?page_id=382#breadcrumb\",\"itemListElement\":[{\"@type\":\"ListItem\",\"position\":1,\"name\":\"Home\",\"item\":\"https:\/\/styria-wien.at\/\"},{\"@type\":\"ListItem\",\"position\":2,\"name\":\"Impressum\"}]},{\"@type\":\"WebSite\",\"@id\":\"https:\/\/styria-wien.at\/#website\",\"url\":\"https:\/\/styria-wien.at\/\",\"name\":\"ESV Styria Wiener Prater\",\"description\":\"...erleben Sie Stocksport im Herzen von Wien\",\"potentialAction\":[{\"@type\":\"SearchAction\",\"target\":{\"@type\":\"EntryPoint\",\"urlTemplate\":\"https:\/\/styria-wien.at\/?s={search_term_string}\"},\"query-input\":\"required name=search_term_string\"}],\"inLanguage\":\"de-AT\"}]}<\/script>\r\n<!-- \/ Yoast SEO plugin. -->","yoast_head_json":{"title":"Impressum - ESV Styria Wiener Prater","robots":{"index":"index","follow":"follow","max-snippet":"max-snippet:-1","max-image-preview":"max-image-preview:large","max-video-preview":"max-video-preview:-1"},"canonical":"https:\/\/styria-wien.at\/?page_id=382","og_locale":"de_DE","og_type":"article","og_title":"Impressum - ESV Styria Wiener Prater","og_url":"https:\/\/styria-wien.at\/?page_id=382","og_site_name":"ESV Styria Wiener Prater","article_modified_time":"2026-03-01T07:00:02+00:00","twitter_card":"summary_large_image","twitter_misc":{"Gesch\u00e4tzte Lesezeit":"1 Minute"},"schema":{"@context":"https:\/\/schema.org","@graph":[{"@type":"WebPage","@id":"https:\/\/styria-wien.at\/?page_id=382","url":"https:\/\/styria-wien.at\/?page_id=382","name":"Impressum - ESV Styria Wiener Prater","isPartOf":{"@id":"https:\/\/styria-wien.at\/#website"},"datePublished":"2021-05-04T09:16:18+00:00","dateModified":"2026-03-01T07:00:02+00:00","breadcrumb":{"@id":"https:\/\/styria-wien.at\/?page_id=382#breadcrumb"},"inLanguage":"de-AT","potentialAction":[{"@type":"ReadAction","target":["https:\/\/styria-wien.at\/?page_id=382"]}]},{"@type":"BreadcrumbList","@id":"https:\/\/styria-wien.at\/?page_id=382#breadcrumb","itemListElement":[{"@type":"ListItem","position":1,"name":"Home","item":"https:\/\/styria-wien.at\/"},{"@type":"ListItem","position":2,"name":"Impressum"}]},{"@type":"WebSite","@id":"https:\/\/styria-wien.at\/#website","url":"https:\/\/styria-wien.at\/","name":"ESV Styria Wiener Prater","description":"...erleben Sie Stocksport im Herzen von Wien","potentialAction":[{"@type":"SearchAction","target":{"@type":"EntryPoint","urlTemplate":"https:\/\/styria-wien.at\/?s={search_term_string}"},"query-input":"required name=search_term_string"}],"inLanguage":"de-AT"}]}},"_links":{"self":[{"href":"https:\/\/styria-wien.at\/index.php?rest_route=\/wp\/v2\/pages\/382"}],"collection":[{"href":"https:\/\/styria-wien.at\/index.php?rest_route=\/wp\/v2\/pages"}],"about":[{"href":"https:\/\/styria-wien.at\/index.php?rest_route=\/wp\/v2\/types\/page"}],"author":[{"embeddable":true,"href":"https:\/\/styria-wien.at\/index.php?rest_route=\/wp\/v2\/users\/1"}],"replies":[{"embeddable":true,"href":"https:\/\/styria-wien.at\/index.php?rest_route=%2Fwp%2Fv2%2Fcomments&post=382"}],"version-history":[{"count":12,"href":"https:\/\/styria-wien.at\/index.php?rest_route=\/wp\/v2\/pages\/382\/revisions"}],"predecessor-version":[{"id":3846,"href":"https:\/\/styria-wien.at\/index.php?rest_route=\/wp\/v2\/pages\/382\/revisions\/3846"}],"wp:attachment":[{"href":"https:\/\/styria-wien.at\/index.php?rest_route=%2Fwp%2Fv2%2Fmedia&parent=382"}],"curies":[{"name":"wp","href":"https:\/\/api.w.org\/{rel}","templated":true}]}}

<div class="wp-block-blockspare-blockspare-container alignfull blockspare-4485afbe-92b6-4"><style>.blockspare-4485afbe-92b6-4 .blockspare-block-container-wrapper{background-color:#f9f9f9;padding-top:20px;padding-right:10px;padding-bottom:20px;padding-left:10px;margin-top:30px;margin-right:0px;margin-bottom:30px;margin-left:0px;border-radius:null}.blockspare-4485afbe-92b6-4 .blockspare-image-wrap{background-image:}</style><div class="blockspare-block-container-wrapper"><div class="blockspare-container-background blockspare-image-wrap has-background-opacity-100 has-background-opacity"></div><div class="blockspare-container"><div class="blockspare-inner-blocks blockspare-inner-wrapper-blocks">
<h4><strong>Herausgeber und für den Inhalt dieser Website verantwortlich:</strong></h4>



<div class="wp-block-blockspare-blockspare-notice-bar blockspare-fcbbb45b-1932-4 blockspare-notice-block aligncenter"><style>.blockspare-fcbbb45b-1932-4 .blockspare-noticebar-wrapper{background-color:#f9f9f9;border-color:#ee1c25;text-align:left;padding-top:10px;padding-right:20px;padding-bottom:10px;padding-left:20px;margin-top:30px;margin-bottom:30px}.blockspare-fcbbb45b-1932-4 .blockspare-section-notice-wrap{text-align:left}.blockspare-fcbbb45b-1932-4 .blockspare-notice-content{color:#4c4c4c;font-size:18px!important;font-weight:500}@media screen and (max-width:1025px){.blockspare-fcbbb45b-1932-4 .blockspare-notice-content{font-size:16px!important}}@media screen and (max-width:768px){.blockspare-fcbbb45b-1932-4 .blockspare-notice-content{font-size:14px!important}}</style><div class="blockspare-noticebar-wrapper blockspare-blocks"><div class="blockspare-section-notice-wrap"><div class="blockspare-title-wrap"><div><div class="blockspare-notice-content">ESV Styria Wiener Prater<br>Obmann: Ing. Heinz Konrad Hummel<br>Soldanellenweg 4/24/3<br>1220 Wien<br>Tel: <a href="&#116;&#x65;l&#058;&#x2b;4&#051;&#x36;9&#057;&#x31;1&#048;&#x39;&#048;&#x38;&#x36;&#048;">&#x2b;&#x34;&#51;&#32;(&#x30;&#x29;&#x36;&#57;&#57;/&#x31;&#x31;&#x30;&#57;&#48;8&#x36;&#x30;</a><br>E-Mail: <a href="&#x6d;&#097;i&#x6c;&#116;&#111;&#x3a;&#x68;&#101;i&#x6e;&#122;&#046;&#x68;&#x75;&#109;m&#x65;&#108;&#064;&#x6b;&#x6f;&#108;a&#x72;&#105;k&#x2e;&#x61;&#116;">&#104;&#x65;i&#x6e;z&#46;&#x68;&#117;&#x6d;m&#101;&#x6c;&#64;&#x6b;o&#x6c;&#x61;&#114;&#x69;k&#x2e;a&#116;</a></div></div></div></div></div></div>



<h4><strong><strong>Design, Gestaltung und Umsetzung:</strong></strong></h4>



<div class="wp-block-blockspare-blockspare-notice-bar blockspare-af087703-08ab-4 blockspare-notice-block aligncenter"><style>.blockspare-af087703-08ab-4 .blockspare-noticebar-wrapper{background-color:#f9f9f9;border-color:#ee1c25;text-align:left;padding-top:10px;padding-right:20px;padding-bottom:10px;padding-left:20px;margin-top:30px;margin-bottom:30px}.blockspare-af087703-08ab-4 .blockspare-section-notice-wrap{text-align:left}.blockspare-af087703-08ab-4 .blockspare-notice-content{color:#4c4c4c;font-size:18px!important;font-weight:500}@media screen and (max-width:1025px){.blockspare-af087703-08ab-4 .blockspare-notice-content{font-size:16px!important}}@media screen and (max-width:768px){.blockspare-af087703-08ab-4 .blockspare-notice-content{font-size:14px!important}}</style><div class="blockspare-noticebar-wrapper blockspare-blocks"><div class="blockspare-section-notice-wrap"><div class="blockspare-title-wrap"><div><div class="blockspare-notice-content"><strong>ISO-Data e.U.</strong>, Inh. Gerald Szekfü<br>Hauptstraße 50 / Top 2<br>2485 Wimpassing/Leitha, Burgenland<br>Tel: <a href="t&#101;&#108;&#x3a;&#x2b;&#x34;&#x33;6&#054;&#052;&#049;&#x33;&#x39;&#x32;29&#051;">&#x2b;&#52;3&#x20;&#54;6&#x34;&#32;1&#x33;&#57;2&#x32;&#57;3</a><br>Email: <a href="&#109;&#x61;&#x69;l&#116;&#x6f;:&#111;&#x66;&#x66;&#105;&#x63;&#x65;&#064;&#105;&#x73;o&#045;&#x64;&#x61;&#116;&#x61;&#x2e;a&#116;">&#111;&#x66;&#102;&#x69;&#99;&#x65;&#64;&#x69;s&#x6f;-&#x64;a&#x74;a&#46;&#x61;&#116;</a><br>Web: <a rel="noreferrer noopener" href="http://www.iso-data.at/" target="_blank">www.iso-data.at</a></div></div></div></div></div></div>



<p><strong>Copyright:</strong></p>



<p>Alle Daten dieser Website sind urheberrechtlich geschützt. Jede Bearbeitung, Vervielfältigung, Verbreitung und/oder öffentliche Wiedergabe unabhängig vom verwendetem Medium stellt einen Urheberrechtsverstoss dar. Für Freigaben wenden Sie sich bitte an <a href="ma&#105;&#108;&#116;&#x6f;&#x3a;&#x69;&#x6e;&#x66;o&#064;&#115;&#116;&#121;&#x72;&#x69;&#x61;&#x2d;&#x77;ie&#110;&#046;&#097;&#x74;">&#x69;&#110;&#102;&#x6f;&#x40;&#115;&#116;&#x79;&#x72;&#105;&#97;&#x2d;&#x77;&#105;&#101;&#x6e;&#x2e;&#97;&#116;</a>.</p>



<p><strong>Haftungsausschluss:</strong></p>



<p>Trotz sorgfältiger inhaltlicher Kontrolle übernehmen wir keine Haftung für die Inhalte externer Links. Für den Inhalt der verlinkten Seiten sind ausschließlich deren Betreiber verantwortlich.</p>



<p><strong>Fotos</strong>:</p>



<p>ESV Styria Wiener Prater</p>



<div style="height:15px" aria-hidden="true" class="wp-block-spacer"></div>
</div></div></div></div>



<div class="wp-block-blockspare-shape-divider alignfull blockspare-431cb098-0b94-4"><style>.blockspare-431cb098-0b94-4 .blockspare-svg-wrapper{color:#ee1c25;height:35px;padding-top:0px;padding-right:0px;padding-bottom:0px;padding-left:0px;margin-top:-30px;margin-right:0px;margin-bottom:30px;margin-left:0px}</style><div class="blockspare-blocks blockspare-svg-wrapper is-vertically-flipped is-horizontally-flipped has-width-1"><div class="blockspare-svg-svg-inner blockspare-separator-wrapper"><svg class="double-wave" preserveAspectRatio="none" aria-hidden="true" xmlns="http://www.w3.org/2000/svg" viewBox="0 0 1946 175"><path class="st0" d="M-.5 27.7v146.8h1946V10.7s-170.6 20.4-265 57.2c0 0-374.1 116.7-794.2 24.7 0 0-414.1-100.9-673.1-92-.1 0-102.9 5.2-213.7 27.1z"></path><path class="st1" d="M1945.5 69.9s-425.5-100-888 20.5c0 0-342.6 63.3-611.4 43.8 0 0-224.9-40.3-446.6-84.4V174h1946V69.9z"></path><path d="M-.5 88s425.5-100 888 20.5c0 0 342.6 63.3 611.4 43.8 0 0 224.9-20.2 446.6-64.3v87H-.5V88z"></path></svg></div></div></div>

<!-- This site is optimized with the Yoast SEO plugin v19.5.1 - https://yoast.com/wordpress/plugins/seo/ -->
<title>Impressum - ESV Styria Wiener Prater</title>
<meta name="robots" content="index, follow, max-snippet:-1, max-image-preview:large, max-video-preview:-1" />
<link rel="canonical" href="https://styria-wien.at/?page_id=382" />
<meta property="og:locale" content="de_DE" />
<meta property="og:type" content="article" />
<meta property="og:title" content="Impressum - ESV Styria Wiener Prater" />
<meta property="og:url" content="https://styria-wien.at/?page_id=382" />
<meta property="og:site_name" content="ESV Styria Wiener Prater" />
<meta property="article:modified_time" content="2026-03-01T07:00:02+00:00" />
<meta name="twitter:card" content="summary_large_image" />
<meta name="twitter:label1" content="Geschätzte Lesezeit" />
	<meta name="twitter:data1" content="1 Minute" />
<script type="application/ld+json" class="yoast-schema-graph">{"@context":"https://schema.org","@graph":[{"@type":"WebPage","@id":"https://styria-wien.at/?page_id=382","url":"https://styria-wien.at/?page_id=382","name":"Impressum - ESV Styria Wiener Prater","isPartOf":{"@id":"https://styria-wien.at/#website"},"datePublished":"2021-05-04T09:16:18+00:00","dateModified":"2026-03-01T07:00:02+00:00","breadcrumb":{"@id":"https://styria-wien.at/?page_id=382#breadcrumb"},"inLanguage":"de-AT","potentialAction":[{"@type":"ReadAction","target":["https://styria-wien.at/?page_id=382"]}]},{"@type":"BreadcrumbList","@id":"https://styria-wien.at/?page_id=382#breadcrumb","itemListElement":[{"@type":"ListItem","position":1,"name":"Home","item":"https://styria-wien.at/"},{"@type":"ListItem","position":2,"name":"Impressum"}]},{"@type":"WebSite","@id":"https://styria-wien.at/#website","url":"https://styria-wien.at/","name":"ESV Styria Wiener Prater","description":"...erleben Sie Stocksport im Herzen von Wien","potentialAction":[{"@type":"SearchAction","target":{"@type":"EntryPoint","urlTemplate":"https://styria-wien.at/?s={search_term_string}"},"query-input":"required name=search_term_string"}],"inLanguage":"de-AT"}]}</script>
<!-- / Yoast SEO plugin. -->
